{"id":781,"date":"2025-01-16T10:29:46","date_gmt":"2025-01-16T09:29:46","guid":{"rendered":"https:\/\/skill-tech.net\/?page_id=781"},"modified":"2025-01-23T15:27:39","modified_gmt":"2025-01-23T14:27:39","slug":"home-skilltech","status":"publish","type":"page","link":"https:\/\/skill-tech.net\/","title":{"rendered":"Home page"},"content":{"rendered":"\t\t<div data-elementor-type=\"wp-page\" data-elementor-id=\"781\" class=\"elementor elementor-781\">\n\t\t\t\t<div class=\"elementor-element elementor-element-f9781db e-flex e-con-boxed e-con e-parent\" data-id=\"f9781db\" data-element_type=\"container\">\n\t\t\t\t\t<div class=\"e-con-inner\">\n\t\t\t\t<div class=\"elementor-element elementor-element-01be6cc elementor-widget elementor-widget-spacer\" data-id=\"01be6cc\" data-element_type=\"widget\" data-widget_type=\"spacer.default\">\n\t\t\t\t<div class=\"elementor-widget-container\">\n\t\t\t\t\t\t\t<div class=\"elementor-spacer\">\n\t\t\t<div class=\"elementor-spacer-inner\"><\/div>\n\t\t<\/div>\n\t\t\t\t\t\t<\/div>\n\t\t\t\t<\/div>\n\t\t\t\t<div class=\"elementor-element elementor-element-5b43cc2 elementor-widget elementor-widget-heading\" data-id=\"5b43cc2\" data-element_type=\"widget\" data-widget_type=\"heading.default\">\n\t\t\t\t<div class=\"elementor-widget-container\">\n\t\t\t\t\t<h2 class=\"elementor-heading-title elementor-size-default\">DEVELOPPE<\/h2>\t\t\t\t<\/div>\n\t\t\t\t<\/div>\n\t\t\t\t<div class=\"elementor-element elementor-element-b511709 elementor-widget__width-initial elementor-widget elementor-widget-heading\" data-id=\"b511709\" data-element_type=\"widget\" data-widget_type=\"heading.default\">\n\t\t\t\t<div class=\"elementor-widget-container\">\n\t\t\t\t\t<h2 class=\"elementor-heading-title elementor-size-default\">tes comp\u00e9tences<\/h2>\t\t\t\t<\/div>\n\t\t\t\t<\/div>\n\t\t\t\t<div class=\"elementor-element elementor-element-50ed9d0 elementor-widget__width-initial elementor-widget elementor-widget-heading\" data-id=\"50ed9d0\" data-element_type=\"widget\" data-widget_type=\"heading.default\">\n\t\t\t\t<div class=\"elementor-widget-container\">\n\t\t\t\t\t<h2 class=\"elementor-heading-title elementor-size-default\">DIGITALES<\/h2>\t\t\t\t<\/div>\n\t\t\t\t<\/div>\n\t\t\t\t\t<\/div>\n\t\t\t\t<\/div>\n\t\t<div class=\"elementor-element elementor-element-895531b e-flex e-con-boxed e-con e-parent\" data-id=\"895531b\" data-element_type=\"container\">\n\t\t\t\t\t<div class=\"e-con-inner\">\n\t\t<div class=\"elementor-element elementor-element-ea4ffd8 e-grid e-con-full e-con e-child\" data-id=\"ea4ffd8\" data-element_type=\"container\" data-settings=\"{&quot;background_background&quot;:&quot;classic&quot;}\">\n\t\t\t\t<div class=\"elementor-element elementor-element-6b78bb3 elementor-widget elementor-widget-image\" data-id=\"6b78bb3\" data-element_type=\"widget\" data-widget_type=\"image.default\">\n\t\t\t\t<div class=\"elementor-widget-container\">\n\t\t\t\t\t\t\t\t\t\t\t\t\t\t\t<img fetchpriority=\"high\" decoding=\"async\" width=\"1024\" height=\"715\" src=\"https:\/\/skill-tech.net\/wp-content\/uploads\/2024\/12\/promo-formation-wordpress3-1024x715.jpg\" class=\"attachment-large size-large wp-image-1102\" alt=\"Formation creation site web avec WordPress - Skilltech\" srcset=\"https:\/\/skill-tech.net\/wp-content\/uploads\/2024\/12\/promo-formation-wordpress3-1024x715.jpg 1024w, https:\/\/skill-tech.net\/wp-content\/uploads\/2024\/12\/promo-formation-wordpress3-300x210.jpg 300w, https:\/\/skill-tech.net\/wp-content\/uploads\/2024\/12\/promo-formation-wordpress3-768x536.jpg 768w, https:\/\/skill-tech.net\/wp-content\/uploads\/2024\/12\/promo-formation-wordpress3-1536x1073.jpg 1536w, https:\/\/skill-tech.net\/wp-content\/uploads\/2024\/12\/promo-formation-wordpress3.jpg 1900w\" sizes=\"(max-width: 1024px) 100vw, 1024px\" \/>\t\t\t\t\t\t\t\t\t\t\t\t\t\t\t<\/div>\n\t\t\t\t<\/div>\n\t\t<div class=\"elementor-element elementor-element-51a209c e-grid e-con-full e-con e-child\" data-id=\"51a209c\" data-element_type=\"container\" data-settings=\"{&quot;background_background&quot;:&quot;classic&quot;}\">\n\t\t\t\t<div class=\"elementor-element elementor-element-4bd4f93 elementor-widget elementor-widget-text-editor\" data-id=\"4bd4f93\" data-element_type=\"widget\" data-widget_type=\"text-editor.default\">\n\t\t\t\t<div class=\"elementor-widget-container\">\n\t\t\t\t\t\t\t\t\t<p>Rejoignez notre premi\u00e8re formation exclusive et ma\u00eetrisez La cr\u00e9ation d\u2019un site web du d\u00e9but a la fin en utilisant le CMS num\u00e9ro 1 au monde \u201cWordpress\u201d<\/p>\t\t\t\t\t\t\t\t<\/div>\n\t\t\t\t<\/div>\n\t\t\t\t<div class=\"elementor-element elementor-element-922db39 elementor-align-center elementor-widget elementor-widget-button\" data-id=\"922db39\" data-element_type=\"widget\" data-widget_type=\"button.default\">\n\t\t\t\t<div class=\"elementor-widget-container\">\n\t\t\t\t\t\t\t\t\t<div class=\"elementor-button-wrapper\">\n\t\t\t\t\t<a class=\"elementor-button elementor-button-link elementor-size-sm\" href=\"https:\/\/skill-tech.net\/index.php\/course\/creation-site-web-avec-wordpress\/\">\n\t\t\t\t\t\t<span class=\"elementor-button-content-wrapper\">\n\t\t\t\t\t\t\t\t\t<span class=\"elementor-button-text\">D\u00e9couvrez la formation<\/span>\n\t\t\t\t\t<\/span>\n\t\t\t\t\t<\/a>\n\t\t\t\t<\/div>\n\t\t\t\t\t\t\t\t<\/div>\n\t\t\t\t<\/div>\n\t\t\t\t<\/div>\n\t\t\t\t<\/div>\n\t\t\t\t\t<\/div>\n\t\t\t\t<\/div>\n\t\t<div class=\"elementor-element elementor-element-8379c6e e-flex e-con-boxed e-con e-parent\" data-id=\"8379c6e\" data-element_type=\"container\">\n\t\t\t\t\t<div class=\"e-con-inner\">\n\t\t\t\t<div class=\"elementor-element elementor-element-e719a06 elementor-widget elementor-widget-heading\" data-id=\"e719a06\" data-element_type=\"widget\" data-widget_type=\"heading.default\">\n\t\t\t\t<div class=\"elementor-widget-container\">\n\t\t\t\t\t<h2 class=\"elementor-heading-title elementor-size-default\">Pourquoi choisir Skill Tech ?<\/h2>\t\t\t\t<\/div>\n\t\t\t\t<\/div>\n\t\t\t\t\t<\/div>\n\t\t\t\t<\/div>\n\t\t<div class=\"elementor-element elementor-element-3b365b4 e-flex e-con-boxed e-con e-parent\" data-id=\"3b365b4\" data-element_type=\"container\">\n\t\t\t\t\t<div class=\"e-con-inner\">\n\t\t<div class=\"elementor-element elementor-element-3c703cb e-grid e-con-full e-con e-child\" data-id=\"3c703cb\" data-element_type=\"container\">\n\t\t\t\t<div class=\"elementor-element elementor-element-69ec509 elementor-view-default elementor-position-top elementor-mobile-position-top elementor-widget elementor-widget-icon-box\" data-id=\"69ec509\" data-element_type=\"widget\" data-widget_type=\"icon-box.default\">\n\t\t\t\t<div class=\"elementor-widget-container\">\n\t\t\t\t\t\t\t<div class=\"elementor-icon-box-wrapper\">\n\n\t\t\t\t\t\t<div class=\"elementor-icon-box-icon\">\n\t\t\t\t<span  class=\"elementor-icon elementor-animation-\">\n\t\t\t\t<svg aria-hidden=\"true\" class=\"e-font-icon-svg e-far-check-circle\" viewBox=\"0 0 512 512\" xmlns=\"http:\/\/www.w3.org\/2000\/svg\"><path d=\"M256 8C119.033 8 8 119.033 8 256s111.033 248 248 248 248-111.033 248-248S392.967 8 256 8zm0 48c110.532 0 200 89.451 200 200 0 110.532-89.451 200-200 200-110.532 0-200-89.451-200-200 0-110.532 89.451-200 200-200m140.204 130.267l-22.536-22.718c-4.667-4.705-12.265-4.736-16.97-.068L215.346 303.697l-59.792-60.277c-4.667-4.705-12.265-4.736-16.97-.069l-22.719 22.536c-4.705 4.667-4.736 12.265-.068 16.971l90.781 91.516c4.667 4.705 12.265 4.736 16.97.068l172.589-171.204c4.704-4.668 4.734-12.266.067-16.971z\"><\/path><\/svg>\t\t\t\t<\/span>\n\t\t\t<\/div>\n\t\t\t\n\t\t\t\t\t\t<div class=\"elementor-icon-box-content\">\n\n\t\t\t\t\t\t\t\t\t<h3 class=\"elementor-icon-box-title\">\n\t\t\t\t\t\t<span  >\n\t\t\t\t\t\t\tExpertise reconnue\t\t\t\t\t\t<\/span>\n\t\t\t\t\t<\/h3>\n\t\t\t\t\n\t\t\t\t\t\t\t\t\t<p class=\"elementor-icon-box-description\">\n\t\t\t\t\t\tNos formations sont cr\u00e9\u00e9es par des expert avec plus de 20 ans d\u2019exp\u00e9rience dans leurs domaines respectifs\t\t\t\t\t<\/p>\n\t\t\t\t\n\t\t\t<\/div>\n\t\t\t\n\t\t<\/div>\n\t\t\t\t\t\t<\/div>\n\t\t\t\t<\/div>\n\t\t\t\t<div class=\"elementor-element elementor-element-c93a886 elementor-view-default elementor-position-top elementor-mobile-position-top elementor-widget elementor-widget-icon-box\" data-id=\"c93a886\" data-element_type=\"widget\" data-widget_type=\"icon-box.default\">\n\t\t\t\t<div class=\"elementor-widget-container\">\n\t\t\t\t\t\t\t<div class=\"elementor-icon-box-wrapper\">\n\n\t\t\t\t\t\t<div class=\"elementor-icon-box-icon\">\n\t\t\t\t<span  class=\"elementor-icon elementor-animation-\">\n\t\t\t\t<svg aria-hidden=\"true\" class=\"e-font-icon-svg e-far-keyboard\" viewBox=\"0 0 576 512\" xmlns=\"http:\/\/www.w3.org\/2000\/svg\"><path d=\"M528 64H48C21.49 64 0 85.49 0 112v288c0 26.51 21.49 48 48 48h480c26.51 0 48-21.49 48-48V112c0-26.51-21.49-48-48-48zm8 336c0 4.411-3.589 8-8 8H48c-4.411 0-8-3.589-8-8V112c0-4.411 3.589-8 8-8h480c4.411 0 8 3.589 8 8v288zM170 270v-28c0-6.627-5.373-12-12-12h-28c-6.627 0-12 5.373-12 12v28c0 6.627 5.373 12 12 12h28c6.627 0 12-5.373 12-12zm96 0v-28c0-6.627-5.373-12-12-12h-28c-6.627 0-12 5.373-12 12v28c0 6.627 5.373 12 12 12h28c6.627 0 12-5.373 12-12zm96 0v-28c0-6.627-5.373-12-12-12h-28c-6.627 0-12 5.373-12 12v28c0 6.627 5.373 12 12 12h28c6.627 0 12-5.373 12-12zm96 0v-28c0-6.627-5.373-12-12-12h-28c-6.627 0-12 5.373-12 12v28c0 6.627 5.373 12 12 12h28c6.627 0 12-5.373 12-12zm-336 82v-28c0-6.627-5.373-12-12-12H82c-6.627 0-12 5.373-12 12v28c0 6.627 5.373 12 12 12h28c6.627 0 12-5.373 12-12zm384 0v-28c0-6.627-5.373-12-12-12h-28c-6.627 0-12 5.373-12 12v28c0 6.627 5.373 12 12 12h28c6.627 0 12-5.373 12-12zM122 188v-28c0-6.627-5.373-12-12-12H82c-6.627 0-12 5.373-12 12v28c0 6.627 5.373 12 12 12h28c6.627 0 12-5.373 12-12zm96 0v-28c0-6.627-5.373-12-12-12h-28c-6.627 0-12 5.373-12 12v28c0 6.627 5.373 12 12 12h28c6.627 0 12-5.373 12-12zm96 0v-28c0-6.627-5.373-12-12-12h-28c-6.627 0-12 5.373-12 12v28c0 6.627 5.373 12 12 12h28c6.627 0 12-5.373 12-12zm96 0v-28c0-6.627-5.373-12-12-12h-28c-6.627 0-12 5.373-12 12v28c0 6.627 5.373 12 12 12h28c6.627 0 12-5.373 12-12zm96 0v-28c0-6.627-5.373-12-12-12h-28c-6.627 0-12 5.373-12 12v28c0 6.627 5.373 12 12 12h28c6.627 0 12-5.373 12-12zm-98 158v-16c0-6.627-5.373-12-12-12H180c-6.627 0-12 5.373-12 12v16c0 6.627 5.373 12 12 12h216c6.627 0 12-5.373 12-12z\"><\/path><\/svg>\t\t\t\t<\/span>\n\t\t\t<\/div>\n\t\t\t\n\t\t\t\t\t\t<div class=\"elementor-icon-box-content\">\n\n\t\t\t\t\t\t\t\t\t<h3 class=\"elementor-icon-box-title\">\n\t\t\t\t\t\t<span  >\n\t\t\t\t\t\t\tApprentissage pratique\t\t\t\t\t\t<\/span>\n\t\t\t\t\t<\/h3>\n\t\t\t\t\n\t\t\t\t\t\t\t\t\t<p class=\"elementor-icon-box-description\">\n\t\t\t\t\t\tExercices pas \u00e0 pas pour appliquer imm\u00e9diatement ce que vous apprenez.\n\n\u00c9tudes de cas r\u00e9els pour comprendre les enjeux professionnels.\t\t\t\t\t<\/p>\n\t\t\t\t\n\t\t\t<\/div>\n\t\t\t\n\t\t<\/div>\n\t\t\t\t\t\t<\/div>\n\t\t\t\t<\/div>\n\t\t\t\t<div class=\"elementor-element elementor-element-2ff0a3f elementor-view-default elementor-position-top elementor-mobile-position-top elementor-widget elementor-widget-icon-box\" data-id=\"2ff0a3f\" data-element_type=\"widget\" data-widget_type=\"icon-box.default\">\n\t\t\t\t<div class=\"elementor-widget-container\">\n\t\t\t\t\t\t\t<div class=\"elementor-icon-box-wrapper\">\n\n\t\t\t\t\t\t<div class=\"elementor-icon-box-icon\">\n\t\t\t\t<span  class=\"elementor-icon elementor-animation-\">\n\t\t\t\t<svg aria-hidden=\"true\" class=\"e-font-icon-svg e-far-clock\" viewBox=\"0 0 512 512\" xmlns=\"http:\/\/www.w3.org\/2000\/svg\"><path d=\"M256 8C119 8 8 119 8 256s111 248 248 248 248-111 248-248S393 8 256 8zm0 448c-110.5 0-200-89.5-200-200S145.5 56 256 56s200 89.5 200 200-89.5 200-200 200zm61.8-104.4l-84.9-61.7c-3.1-2.3-4.9-5.9-4.9-9.7V116c0-6.6 5.4-12 12-12h32c6.6 0 12 5.4 12 12v141.7l66.8 48.6c5.4 3.9 6.5 11.4 2.6 16.8L334.6 349c-3.9 5.3-11.4 6.5-16.8 2.6z\"><\/path><\/svg>\t\t\t\t<\/span>\n\t\t\t<\/div>\n\t\t\t\n\t\t\t\t\t\t<div class=\"elementor-icon-box-content\">\n\n\t\t\t\t\t\t\t\t\t<h3 class=\"elementor-icon-box-title\">\n\t\t\t\t\t\t<span  >\n\t\t\t\t\t\t\tAccessibilit\u00e9\t\t\t\t\t\t<\/span>\n\t\t\t\t\t<\/h3>\n\t\t\t\t\n\t\t\t\t\t\t\t\t\t<p class=\"elementor-icon-box-description\">\n\t\t\t\t\t\tDisponibles 24\/7 : Suivez les modules \u00e0 votre rythme, o\u00f9 et quand vous le souhaitez.\n\nFaciles \u00e0 comprendre : Avec des explications claires, des vid\u00e9os illustratives, et un langage accessible.\t\t\t\t\t<\/p>\n\t\t\t\t\n\t\t\t<\/div>\n\t\t\t\n\t\t<\/div>\n\t\t\t\t\t\t<\/div>\n\t\t\t\t<\/div>\n\t\t\t\t<\/div>\n\t\t\t\t\t<\/div>\n\t\t\t\t<\/div>\n\t\t<div class=\"elementor-element elementor-element-f0fc1ce e-flex e-con-boxed e-con e-parent\" data-id=\"f0fc1ce\" data-element_type=\"container\">\n\t\t\t\t\t<div class=\"e-con-inner\">\n\t\t\t\t<div class=\"elementor-element elementor-element-fe60395 elementor-widget elementor-widget-spacer\" data-id=\"fe60395\" data-element_type=\"widget\" data-widget_type=\"spacer.default\">\n\t\t\t\t<div class=\"elementor-widget-container\">\n\t\t\t\t\t\t\t<div class=\"elementor-spacer\">\n\t\t\t<div class=\"elementor-spacer-inner\"><\/div>\n\t\t<\/div>\n\t\t\t\t\t\t<\/div>\n\t\t\t\t<\/div>\n\t\t\t\t<div class=\"elementor-element elementor-element-d4be0fa elementor-widget elementor-widget-text-editor\" data-id=\"d4be0fa\" data-element_type=\"widget\" data-widget_type=\"text-editor.default\">\n\t\t\t\t<div class=\"elementor-widget-container\">\n\t\t\t\t\t\t\t\t\t<p><strong>Skill Tech<\/strong> est une plateforme de formation en ligne d\u00e9di\u00e9e \u00e0 l&rsquo;apprentissage des comp\u00e9tences num\u00e9riques, du marketing digital, et des nouvelles technologies. Nous offrons des formations pratiques et accessibles pour aider les professionnels, entrepreneurs, et passionn\u00e9s \u00e0 atteindre leurs objectifs.<\/p><p>Chez Skill Tech, notre mission est de rendre l&rsquo;expertise digitale accessible \u00e0 tous gr\u00e2ce \u00e0 des cours concrets, des outils modernes, et un accompagnement personnalis\u00e9.<\/p>\t\t\t\t\t\t\t\t<\/div>\n\t\t\t\t<\/div>\n\t\t\t\t<div class=\"elementor-element elementor-element-f30ffdd elementor-widget elementor-widget-spacer\" data-id=\"f30ffdd\" data-element_type=\"widget\" data-widget_type=\"spacer.default\">\n\t\t\t\t<div class=\"elementor-widget-container\">\n\t\t\t\t\t\t\t<div class=\"elementor-spacer\">\n\t\t\t<div class=\"elementor-spacer-inner\"><\/div>\n\t\t<\/div>\n\t\t\t\t\t\t<\/div>\n\t\t\t\t<\/div>\n\t\t\t\t\t<\/div>\n\t\t\t\t<\/div>\n\t\t\t\t<\/div>\n\t\t","protected":false},"excerpt":{"rendered":"<p>DEVELOPPE tes comp\u00e9tences DIGITALES Rejoignez notre premi\u00e8re formation exclusive et ma\u00eetrisez La cr\u00e9ation d\u2019un site web du d\u00e9but a la fin en utilisant le CMS num\u00e9ro 1 au monde \u201cWordpress\u201d D\u00e9couvrez la formation Pourquoi choisir Skill Tech ? Expertise reconnue Nos formations sont cr\u00e9\u00e9es par des expert avec plus de 20 ans d\u2019exp\u00e9rience dans leurs&hellip;&nbsp;<a href=\"https:\/\/skill-tech.net\/\" rel=\"bookmark\">Lire la suite &raquo;<span class=\"screen-reader-text\">Home page<\/span><\/a><\/p>\n","protected":false},"author":1,"featured_media":1144,"parent":0,"menu_order":0,"comment_status":"closed","ping_status":"closed","template":"page-templates\/template-pagebuilder-full-width.php","meta":{"neve_meta_sidebar":"","neve_meta_container":"","neve_meta_enable_content_width":"","neve_meta_content_width":0,"neve_meta_title_alignment":"","neve_meta_author_avatar":"","neve_post_elements_order":"","neve_meta_disable_header":"","neve_meta_disable_footer":"","neve_meta_disable_title":"","_themeisle_gutenberg_block_has_review":false,"footnotes":""},"class_list":["post-781","page","type-page","status-publish","has-post-thumbnail","hentry"],"yoast_head":"<!-- This site is optimized with the Yoast SEO plugin v26.7 - https:\/\/yoast.com\/wordpress\/plugins\/seo\/ -->\n<title>Skilltech - plateforme elearning - formation digital<\/title>\n<meta name=\"description\" content=\"SkillTech est une plateforme de formation en ligne d\u00e9di\u00e9e \u00e0 l\u2019apprentissage des comp\u00e9tences num\u00e9riques, du marketing digital, et des nouvelles technologies. Nous offrons des formations pratiques et accessibles pour aider les professionnels, entrepreneurs, et passionn\u00e9s \u00e0 atteindre leurs objectifs.\" \/>\n<meta name=\"robots\" content=\"index, follow, max-snippet:-1, max-image-preview:large, max-video-preview:-1\" \/>\n<link rel=\"canonical\" href=\"https:\/\/skill-tech.net\/\" \/>\n<meta property=\"og:locale\" content=\"fr_FR\" \/>\n<meta property=\"og:type\" content=\"article\" \/>\n<meta property=\"og:title\" content=\"Skilltech - plateforme elearning - formation digital\" \/>\n<meta property=\"og:description\" content=\"SkillTech est une plateforme de formation en ligne d\u00e9di\u00e9e \u00e0 l\u2019apprentissage des comp\u00e9tences num\u00e9riques, du marketing digital, et des nouvelles technologies. Nous offrons des formations pratiques et accessibles pour aider les professionnels, entrepreneurs, et passionn\u00e9s \u00e0 atteindre leurs objectifs.\" \/>\n<meta property=\"og:url\" content=\"https:\/\/skill-tech.net\/\" \/>\n<meta property=\"og:site_name\" content=\"SkillTech - Plateforme de formation en ligne dans les technologies digitales\" \/>\n<meta property=\"article:modified_time\" content=\"2025-01-23T14:27:39+00:00\" \/>\n<meta property=\"og:image\" content=\"https:\/\/skill-tech.net\/wp-content\/uploads\/2025\/01\/Skilltech-formez-vous-au-digital.png\" \/>\n\t<meta property=\"og:image:width\" content=\"1080\" \/>\n\t<meta property=\"og:image:height\" content=\"1080\" \/>\n\t<meta property=\"og:image:type\" content=\"image\/png\" \/>\n<meta name=\"twitter:card\" content=\"summary_large_image\" \/>\n<meta name=\"twitter:label1\" content=\"Dur\u00e9e de lecture estim\u00e9e\" \/>\n\t<meta name=\"twitter:data1\" content=\"2 minutes\" \/>\n<script type=\"application\/ld+json\" class=\"yoast-schema-graph\">{\"@context\":\"https:\/\/schema.org\",\"@graph\":[{\"@type\":\"WebPage\",\"@id\":\"https:\/\/skill-tech.net\/\",\"url\":\"https:\/\/skill-tech.net\/\",\"name\":\"Skilltech - plateforme elearning - formation digital\",\"isPartOf\":{\"@id\":\"https:\/\/skill-tech.net\/#website\"},\"primaryImageOfPage\":{\"@id\":\"https:\/\/skill-tech.net\/#primaryimage\"},\"image\":{\"@id\":\"https:\/\/skill-tech.net\/#primaryimage\"},\"thumbnailUrl\":\"https:\/\/skill-tech.net\/wp-content\/uploads\/2025\/01\/Skilltech-formez-vous-au-digital.png\",\"datePublished\":\"2025-01-16T09:29:46+00:00\",\"dateModified\":\"2025-01-23T14:27:39+00:00\",\"description\":\"SkillTech est une plateforme de formation en ligne d\u00e9di\u00e9e \u00e0 l\u2019apprentissage des comp\u00e9tences num\u00e9riques, du marketing digital, et des nouvelles technologies. Nous offrons des formations pratiques et accessibles pour aider les professionnels, entrepreneurs, et passionn\u00e9s \u00e0 atteindre leurs objectifs.\",\"breadcrumb\":{\"@id\":\"https:\/\/skill-tech.net\/#breadcrumb\"},\"inLanguage\":\"fr-FR\",\"potentialAction\":[{\"@type\":\"ReadAction\",\"target\":[\"https:\/\/skill-tech.net\/\"]}]},{\"@type\":\"ImageObject\",\"inLanguage\":\"fr-FR\",\"@id\":\"https:\/\/skill-tech.net\/#primaryimage\",\"url\":\"https:\/\/skill-tech.net\/wp-content\/uploads\/2025\/01\/Skilltech-formez-vous-au-digital.png\",\"contentUrl\":\"https:\/\/skill-tech.net\/wp-content\/uploads\/2025\/01\/Skilltech-formez-vous-au-digital.png\",\"width\":1080,\"height\":1080},{\"@type\":\"BreadcrumbList\",\"@id\":\"https:\/\/skill-tech.net\/#breadcrumb\",\"itemListElement\":[{\"@type\":\"ListItem\",\"position\":1,\"name\":\"Accueil\",\"item\":\"https:\/\/skill-tech.net\/\"},{\"@type\":\"ListItem\",\"position\":2,\"name\":\"Home page\"}]},{\"@type\":\"WebSite\",\"@id\":\"https:\/\/skill-tech.net\/#website\",\"url\":\"https:\/\/skill-tech.net\/\",\"name\":\"SkillTech\",\"description\":\"\",\"publisher\":{\"@id\":\"https:\/\/skill-tech.net\/#organization\"},\"alternateName\":\"SkillTech\",\"potentialAction\":[{\"@type\":\"SearchAction\",\"target\":{\"@type\":\"EntryPoint\",\"urlTemplate\":\"https:\/\/skill-tech.net\/?s={search_term_string}\"},\"query-input\":{\"@type\":\"PropertyValueSpecification\",\"valueRequired\":true,\"valueName\":\"search_term_string\"}}],\"inLanguage\":\"fr-FR\"},{\"@type\":\"Organization\",\"@id\":\"https:\/\/skill-tech.net\/#organization\",\"name\":\"SkillTech\",\"url\":\"https:\/\/skill-tech.net\/\",\"logo\":{\"@type\":\"ImageObject\",\"inLanguage\":\"fr-FR\",\"@id\":\"https:\/\/skill-tech.net\/#\/schema\/logo\/image\/\",\"url\":\"https:\/\/skill-tech.net\/wp-content\/uploads\/2025\/01\/cropped-cropped-logo-skill-tech2.png\",\"contentUrl\":\"https:\/\/skill-tech.net\/wp-content\/uploads\/2025\/01\/cropped-cropped-logo-skill-tech2.png\",\"width\":200,\"height\":124,\"caption\":\"SkillTech\"},\"image\":{\"@id\":\"https:\/\/skill-tech.net\/#\/schema\/logo\/image\/\"}}]}<\/script>\n<!-- \/ Yoast SEO plugin. -->","yoast_head_json":{"title":"Skilltech - plateforme elearning - formation digital","description":"SkillTech est une plateforme de formation en ligne d\u00e9di\u00e9e \u00e0 l\u2019apprentissage des comp\u00e9tences num\u00e9riques, du marketing digital, et des nouvelles technologies. Nous offrons des formations pratiques et accessibles pour aider les professionnels, entrepreneurs, et passionn\u00e9s \u00e0 atteindre leurs objectifs.","robots":{"index":"index","follow":"follow","max-snippet":"max-snippet:-1","max-image-preview":"max-image-preview:large","max-video-preview":"max-video-preview:-1"},"canonical":"https:\/\/skill-tech.net\/","og_locale":"fr_FR","og_type":"article","og_title":"Skilltech - plateforme elearning - formation digital","og_description":"SkillTech est une plateforme de formation en ligne d\u00e9di\u00e9e \u00e0 l\u2019apprentissage des comp\u00e9tences num\u00e9riques, du marketing digital, et des nouvelles technologies. Nous offrons des formations pratiques et accessibles pour aider les professionnels, entrepreneurs, et passionn\u00e9s \u00e0 atteindre leurs objectifs.","og_url":"https:\/\/skill-tech.net\/","og_site_name":"SkillTech - Plateforme de formation en ligne dans les technologies digitales","article_modified_time":"2025-01-23T14:27:39+00:00","og_image":[{"width":1080,"height":1080,"url":"https:\/\/skill-tech.net\/wp-content\/uploads\/2025\/01\/Skilltech-formez-vous-au-digital.png","type":"image\/png"}],"twitter_card":"summary_large_image","twitter_misc":{"Dur\u00e9e de lecture estim\u00e9e":"2 minutes"},"schema":{"@context":"https:\/\/schema.org","@graph":[{"@type":"WebPage","@id":"https:\/\/skill-tech.net\/","url":"https:\/\/skill-tech.net\/","name":"Skilltech - plateforme elearning - formation digital","isPartOf":{"@id":"https:\/\/skill-tech.net\/#website"},"primaryImageOfPage":{"@id":"https:\/\/skill-tech.net\/#primaryimage"},"image":{"@id":"https:\/\/skill-tech.net\/#primaryimage"},"thumbnailUrl":"https:\/\/skill-tech.net\/wp-content\/uploads\/2025\/01\/Skilltech-formez-vous-au-digital.png","datePublished":"2025-01-16T09:29:46+00:00","dateModified":"2025-01-23T14:27:39+00:00","description":"SkillTech est une plateforme de formation en ligne d\u00e9di\u00e9e \u00e0 l\u2019apprentissage des comp\u00e9tences num\u00e9riques, du marketing digital, et des nouvelles technologies. Nous offrons des formations pratiques et accessibles pour aider les professionnels, entrepreneurs, et passionn\u00e9s \u00e0 atteindre leurs objectifs.","breadcrumb":{"@id":"https:\/\/skill-tech.net\/#breadcrumb"},"inLanguage":"fr-FR","potentialAction":[{"@type":"ReadAction","target":["https:\/\/skill-tech.net\/"]}]},{"@type":"ImageObject","inLanguage":"fr-FR","@id":"https:\/\/skill-tech.net\/#primaryimage","url":"https:\/\/skill-tech.net\/wp-content\/uploads\/2025\/01\/Skilltech-formez-vous-au-digital.png","contentUrl":"https:\/\/skill-tech.net\/wp-content\/uploads\/2025\/01\/Skilltech-formez-vous-au-digital.png","width":1080,"height":1080},{"@type":"BreadcrumbList","@id":"https:\/\/skill-tech.net\/#breadcrumb","itemListElement":[{"@type":"ListItem","position":1,"name":"Accueil","item":"https:\/\/skill-tech.net\/"},{"@type":"ListItem","position":2,"name":"Home page"}]},{"@type":"WebSite","@id":"https:\/\/skill-tech.net\/#website","url":"https:\/\/skill-tech.net\/","name":"SkillTech","description":"","publisher":{"@id":"https:\/\/skill-tech.net\/#organization"},"alternateName":"SkillTech","potentialAction":[{"@type":"SearchAction","target":{"@type":"EntryPoint","urlTemplate":"https:\/\/skill-tech.net\/?s={search_term_string}"},"query-input":{"@type":"PropertyValueSpecification","valueRequired":true,"valueName":"search_term_string"}}],"inLanguage":"fr-FR"},{"@type":"Organization","@id":"https:\/\/skill-tech.net\/#organization","name":"SkillTech","url":"https:\/\/skill-tech.net\/","logo":{"@type":"ImageObject","inLanguage":"fr-FR","@id":"https:\/\/skill-tech.net\/#\/schema\/logo\/image\/","url":"https:\/\/skill-tech.net\/wp-content\/uploads\/2025\/01\/cropped-cropped-logo-skill-tech2.png","contentUrl":"https:\/\/skill-tech.net\/wp-content\/uploads\/2025\/01\/cropped-cropped-logo-skill-tech2.png","width":200,"height":124,"caption":"SkillTech"},"image":{"@id":"https:\/\/skill-tech.net\/#\/schema\/logo\/image\/"}}]}},"_links":{"self":[{"href":"https:\/\/skill-tech.net\/index.php\/wp-json\/wp\/v2\/pages\/781","targetHints":{"allow":["GET"]}}],"collection":[{"href":"https:\/\/skill-tech.net\/index.php\/wp-json\/wp\/v2\/pages"}],"about":[{"href":"https:\/\/skill-tech.net\/index.php\/wp-json\/wp\/v2\/types\/page"}],"author":[{"embeddable":true,"href":"https:\/\/skill-tech.net\/index.php\/wp-json\/wp\/v2\/users\/1"}],"replies":[{"embeddable":true,"href":"https:\/\/skill-tech.net\/index.php\/wp-json\/wp\/v2\/comments?post=781"}],"version-history":[{"count":90,"href":"https:\/\/skill-tech.net\/index.php\/wp-json\/wp\/v2\/pages\/781\/revisions"}],"predecessor-version":[{"id":1122,"href":"https:\/\/skill-tech.net\/index.php\/wp-json\/wp\/v2\/pages\/781\/revisions\/1122"}],"wp:featuredmedia":[{"embeddable":true,"href":"https:\/\/skill-tech.net\/index.php\/wp-json\/wp\/v2\/media\/1144"}],"wp:attachment":[{"href":"https:\/\/skill-tech.net\/index.php\/wp-json\/wp\/v2\/media?parent=781"}],"curies":[{"name":"wp","href":"https:\/\/api.w.org\/{rel}","templated":true}]}}